 by s*-5*(-84)/30?
12
Let h(q) = q**2 - q - 1. Let o(t) = 5*t**2 - 24*t. Let i(f) = -6*h(f) + o(f). Calculate the remainder when i(-15) is divided by 13.
12
Let l(f) = -f + 6. Let m be l(-5). Let j = -8 + m. Calculate the remainder when 5 is divided by j.
2
Let a(c) = c. Let y be a(-1). Let g be (-4)/(-2) - (4 - y). What is the remainder when g/((-6)/28)*2 is divided by 15?
13
Suppose 15*h - 7*h = 24. Suppose 3*r = 3*w, -4*w = w + 3*r - 24. Calculate the remainder when h is divided by w.
0
Let l = 17 + -6. Let g = -18 + 50. What is the remainder when (g/(-5))/(1/(-5)) is divided by l?
10
Suppose 2*p = 2*c - c + 16, -3*p + 23 = -c. Suppose -4 = 4*f - 3*i + i, 0 = f - 3*i + 11. Calculate the remainder when p + (-3)/(-3) + f is divided by 6.
3
Let t = 27 + 22. What is the remainder when 93 is divided by 1162/t - 2/(-7)?
21
Suppose -2*u + 5*t + 71 = 0, 4*u + 5*t - 70 = -3. Let r = -346 - -355. What is the remainder when u is divided by r?
5
Let k(n) be the third derivative of -29*n**4/12 - n**2. What is the remainder when k(-1) is divided by 20?
18
Let d(y) = y**2 - 10*y + 1. Let f(u) = -u**2 + 10*u - 1. Let g(o) = 5*d(o) + 6*f(o). Suppose -4*k = k - 20. Calculate the remainder when g(k) is divided by 12.
11
Suppose -2*x + 2 = x - 2*s, 5*s = -5*x - 5. Suppose u + u - 20 = x. Calculate the remainder when 28 is divided by u.
8
Let k(o) = -3 + 2*o - 2*o + o. Let w be k(5). Suppose -w*s = 2*s - 48. What is the remainder when s is divided by 7?
5
Let w(p) = -p**2 - p + 4. Let o = 5 - 5. Calculate the remainder when w(o) is divided by 1.
0
Let j be 4/(-8) - 69/(-6). Suppose c - j + 2 = 0. Calculate the remainder when 16 is divided by c.
7
Let v = -55 + 152. Calculate the remainder when v is divided by 25.
22
Let t = 91 - 64. Calculate the remainder when t is divided by 14.
13
Let a be 3/(-12) + 1289/4. Suppose 0 = -5*j + 2542 - a. What is the remainder when j/15 + (-2)/(-5) is divided by 16?
14
Suppose 4*s - 12 = 0, 4 = f - 3*s - 4. Calculate the remainder when f is divided by 5.
2
Suppose 0 = 4*l + 5*j - 85, -4*l + 9*l = j + 70. Calculate the remainder when 29 is divided by l.
14
Let d = 47 + 10. Let x = 21 + d. Suppose 7 - 15 = 4*y, -x = -5*o - y. What is the remainder when o is divided by 6?
4
Let y(v) = 5*v**2 - 7. Let i(f) = 6*f**2 - 8. Let z(r) = 6*i(r) - 7*y(r). What is the remainder when 2 is divided by z(1)?
0
Suppose 3*w - 86 - 112 = 0. Calculate the remainder when 86 is divided by 12/w - (-240)/11.
20
Let i(z) = -z**3 - z**2 + z + 9. Suppose 0 = -2*k - k + 51. Calculate the remainder when k is divided by i(0).
8
Suppose 3*m = -4*y + 226, 4*y = -7 - 1. Let p = m + -36. What is the remainder when p is divided by 15?
12
Let j = -5 - -117. Suppose 123 = 5*v - j. Suppose -6*u + 80 = -u. Calculate the remainder when v is divided by u.
15
Suppose q + 96 = -5*m - q, 90 = -5*m - 5*q. Let d = m + 52. Suppose 3*k = -5*y + 97, k - 43 = -3*y + 3*k. Calculate the remainder when d is divided by y.
15
Let w(k) = -k + 2. Let n = 0 - 6. Suppose 0 = -r - 5*l + 27, 4*r = 3*l + 14 + 71. Calculate the remainder when r is divided by w(n).
6
What is the remainder when 35 is divided by 1/((4/(-36))/(-1))?
8
Let r(v) = v + 21. Let s = -90 + 156. Calculate the remainder when s is divided by r(-4).
15
Let f = 34 + -22. Suppose 165 = 4*x + 5*p - 20, -x - p = -46. Calculate the remainder when x is divided by f.
9
Let d(z) = -4*z - 1. Calculate the remainder when 9/(-6)*56/(-3) is divided by d(-4).
13
Suppose 5*r = 3*j + 78, -2*j + 12 = r - 1. What is the remainder when 70 is divided by r?
10
Let h(q) = 4*q - 2 - 5*q + 0*q**3 - 5*q**3 - 4*q**2 + 2*q**3. Calculate the remainder when h(-3) is divided by 24.
22
Suppose -17*r = -13*r - 276. Calculate the remainder when r is divided by 12.
9
Let t(h) = 10*h - 1. Let j(w) = -w. Let b(v) = 5*j(v) + t(v). Calculate the remainder when b(3) is divided by 5.
4
Calculate the remainder when 3 is divided by ((-8)/12)/(6/(-27)).
0
Let y(n) = -n - 8. Let x be y(-6). Let d be (2/4)/(x/12). Calculate the remainder when 34 is divided by 3 + d - 36/(-2).
16
Let r(t) be the second derivative of -2*t**3/3 - 6*t**2 + 3*t. Calculate the remainder when r(-9) is divided by (1 + (-10)/(-3))*3.
11
Suppose 0 = 5*m - 4*q + q - 183, -2*m - 3*q + 90 = 0. What is the remainder when m is divided by 20?
19
Let u(q) = 4*q**2 + 4*q - 1. Let r be 0/2 + 0 + -3. What is the remainder when 68 is divided by u(r)?
22
Let n(d) = 2*d**2 + d - 6. What is the remainder when n(5) is divided by 13?
10
Let l = 16 + -10. Let v be 4/3 - 6/18. Calculate the remainder when -5 + 17 - v*2 is divided by l.
4
Let z(h) = -12*h - 5. Let l be z(8). Let s = l - -171. What is the remainder when s is divided by 18?
16
Let i(y) = -y**2 + y + 16. Suppose -5*n - 20 = 5*j - j, 5*j - n = 4. Let g = 59 - 12. Calculate the remainder when g is divided by i(j).
15
Suppose 4*h = 109 - 25. Calculate the remainder when 62 is divided by h.
20
Let z(a) = 2*a**3 - a**2 + a. Let w be z(1). Suppose -54 + 178 = w*s. Calculate the remainder when s is divided by 21.
20
Let a = -31 + 134. Let d = 37 + -11. Calculate the remainder when a is divided by d.
25
Let y = 2 + 2. Suppose -5*g = 2*w - 48, -y*w = 4*g - 48 - 24. Calculate the remainder when 55 is divided by w.
13
Suppose -3*q - 52 = -2*l + q, 3*q + 78 = 3*l. Calculate the remainder when l is divided by 14.
12
Let f be 2 - (2 - 3)*3. Suppose -198 = -f*x + 3*p - 0*p, 4*x = -3*p + 153. Suppose -3*t = -0*t - x. Calculate the remainder when 49 is divided by t.
10
Suppose -4*i + 30 + 38 = 0. What is the remainder when 202 is divided by i?
15
Let w(r) = 3*r**3 + r**2 - r + 2. Calculate the remainder when w(3) is divided by 18.
17
Let p = -164 + 247. What is the remainder when p is divided by 21?
20
Suppose 5*l - 5 = -2*k + k, 5*k - 112 = 4*l. Suppose -1 + 9 = 2*a, -3*a + 56 = 4*p. What is the remainder when k is divided by p?
9
What is the remainder when (20/12)/((-4)/(-24)) is divided by ((-10)/(-1) - 2) + -1?
3
Suppose -5*j + 223 = 4*v, 0 = -5*v + 4*j - 12 + 342. Suppose -3*p - w = -0*p - v, 5*w = -p + 30. Calculate the remainder when 59 is divided by p.
19
Suppose -q = -7 + 2. Let f = -2 + q. Calculate the remainder when 15 is divided by -2*6*(-2)/f.
7
Suppose -2*q = q - 2*k - 17, -3*k = 2*q + 6. Calculate the remainder when 7 is divided by q.
1
Let x = -22 + 46. Let u = 17 - x. Let l = u - -24. Calculate the remainder when 33 is divided by l.
16
Suppose 2*p = -15*p + 51. What is the remainder when 45 is divided by p?
0
Let c(o) = -o**2 + 17. Let a be (-78)/(-4) + (-4)/8. Suppose a + 27 = 2*t + 5*f, -f - 169 = -5*t. What is the remainder when t is divided by c(0)?
16
Suppose 0 = w - 8*w + 119. Calculate the remainder when 47 is divided by w.
13
Let q be 6/(0 - (-6)/4). Let a be (q/3)/((-2)/96). Let d = a + 95. Calculate the remainder when d is divided by 11.
9
Let j(v) = v**2 - 5*v + 2. Let i be j(5). Suppose i*s + 6 = -5*m, 4*s + m + 4*m = -22. Let n = 18 + s. What is the remainder when 28 is divided by n?
8
Let i(w) = w**2 + 12*w + 15. Let p be i(-12). Let s = 32 - p. Calculate the remainder when s is divided by 10.
7
Let b = 81 + -56. Suppose 2 = 2*c - 12. Calculate the remainder when b is divided by c.
4
Let g = -3 - -6. Suppose 4 = -h - g*h. What is the remainder when 14 is divided by 21/6 - h/2?
2
Suppose 0 = 3*f + 19 - 76. What is the remainder when f is divided by 10?
9
Suppose -5*q + 4*h = 5, -3 - 1 = 2*q - 2*h. Suppose 0 = -2*v - 4*o - 6, 0 = 3*v + 2*o + o + q. Let f = v - -26. What is the remainder when f is divided by 7?
6
Let o = 44 - 26. Let u = 475 + -404. Calculate the remainder when u is divided by o.
17
Let y(q) = -2*q**3 - 6*q**2 + 6*q + 1. Let a = 7 + -12. What is the remainder when y(a) is divided by 24?
23
Suppose 4*l + 17 = 5*t, -1 = l - 3. Calculate the remainder when t is divided by 4.
1
Suppose 19*y - 20 = 17*y. Calculate the remainder when 49 is divided by y.
9
Let u = 45 - 2. Calculate the remainder when 85 is divided by u.
42
Let k = 205 - 126. Calculate the remainder when k is divided by 20.
19
Let j be 1/2*0/1. Suppose 4*u = 3*g - 65 - 8, 4*g + 3*u - 89 = j. What is the remainder when g is divided by 6?
5
Suppose -m = 4*m - 45. What is the remainder when 4*(2 + 7/4) is divided by m?
6
Suppose 0 = -3*q - 61 + 85. What is